{"id":21,"date":"2020-09-09T12:10:51","date_gmt":"2020-09-09T10:10:51","guid":{"rendered":"http:\/\/hofsieling.de\/?page_id=21"},"modified":"2026-03-14T13:40:58","modified_gmt":"2026-03-14T11:40:58","slug":"unser-hof","status":"publish","type":"page","link":"https:\/\/hofsieling.de\/?page_id=21","title":{"rendered":"Unser Hof"},"content":{"rendered":"\n<p>Auf\nunserem Hof in Langeln, einem Ortsteil von Wietzen, betreiben wir seit mehreren\nGenerationen Landwirtschaft. Wir halten Sauen und Mastschweine. Ackerbau\nbetreiben wir in einer Maschinengemeinschaft. Au\u00dferdem sind wir an der\nBiogasanlage Holte beteiligt. Zwei feste Mitarbeiter und weitere unverzichtbare\nHelfer sorgen daf\u00fcr, dass auf unserem Familienbetrieb alles rund l\u00e4uft.<\/p>\n\n\n\n<p>Wir leben hier mit drei Generationen unter einem Dach: Das sind meine Frau Heidi und ich, meine Kinder Martje und Theo sowie meine Eltern, Marie-Luise und Friedrich Sieling.<\/p>\n\n\n\n<figure class=\"wp-block-gallery has-nested-images columns-1 is-cropped wp-block-gallery-1 is-layout-flex wp-block-gallery-is-layout-flex\">\n<figure class=\"wp-block-image size-full is-style-default\"><img loading=\"lazy\" decoding=\"async\" width=\"1024\" height=\"683\" data-id=\"7\" src=\"https:\/\/hofsieling.de\/wp-12644-content\/uploads\/2020\/09\/08-klein.jpg\" alt=\"\" class=\"wp-image-7\" srcset=\"https:\/\/hofsieling.de\/wp-12644-content\/uploads\/2020\/09\/08-klein.jpg 1024w, https:\/\/hofsieling.de\/wp-12644-content\/uploads\/2020\/09\/08-klein-300x200.jpg 300w, https:\/\/hofsieling.de\/wp-12644-content\/uploads\/2020\/09\/08-klein-768x512.jpg 768w\" sizes=\"auto, (max-width: 1024px) 100vw, 1024px\" \/><figcaption class=\"wp-element-caption\">Die Hofeinfahrt<\/figcaption><\/figure>\n\n\n\n<figure class=\"wp-block-image size-full\"><img loading=\"lazy\" decoding=\"async\" width=\"1024\" height=\"617\" data-id=\"13\" src=\"https:\/\/hofsieling.de\/wp-12644-content\/uploads\/2020\/09\/Hof-Sieling-Langeln-1-klein.jpg\" alt=\"\" class=\"wp-image-13\" srcset=\"https:\/\/hofsieling.de\/wp-12644-content\/uploads\/2020\/09\/Hof-Sieling-Langeln-1-klein.jpg 1024w, https:\/\/hofsieling.de\/wp-12644-content\/uploads\/2020\/09\/Hof-Sieling-Langeln-1-klein-300x181.jpg 300w, https:\/\/hofsieling.de\/wp-12644-content\/uploads\/2020\/09\/Hof-Sieling-Langeln-1-klein-768x463.jpg 768w\" sizes=\"auto, (max-width: 1024px) 100vw, 1024px\" \/><figcaption class=\"wp-element-caption\">So wohnen wir<\/figcaption><\/figure>\n\n\n\n<figure class=\"wp-block-image size-full\"><img loading=\"lazy\" decoding=\"async\" width=\"2560\" height=\"1920\" data-id=\"17\" src=\"https:\/\/hofsieling.de\/wp-12644-content\/uploads\/2020\/09\/IMG_1875-scaled.jpg\" alt=\"\" class=\"wp-image-17\" srcset=\"https:\/\/hofsieling.de\/wp-12644-content\/uploads\/2020\/09\/IMG_1875-scaled.jpg 2560w, https:\/\/hofsieling.de\/wp-12644-content\/uploads\/2020\/09\/IMG_1875-300x225.jpg 300w, https:\/\/hofsieling.de\/wp-12644-content\/uploads\/2020\/09\/IMG_1875-1024x768.jpg 1024w, https:\/\/hofsieling.de\/wp-12644-content\/uploads\/2020\/09\/IMG_1875-768x576.jpg 768w, https:\/\/hofsieling.de\/wp-12644-content\/uploads\/2020\/09\/IMG_1875-1536x1152.jpg 1536w, https:\/\/hofsieling.de\/wp-12644-content\/uploads\/2020\/09\/IMG_1875-2048x1536.jpg 2048w, https:\/\/hofsieling.de\/wp-12644-content\/uploads\/2020\/09\/IMG_1875-1568x1176.jpg 1568w\" sizes=\"auto, (max-width: 2560px) 100vw, 2560px\" \/><figcaption class=\"wp-element-caption\">Das Backhaus, unsere erste Eichel-Annahmestelle<\/figcaption><\/figure>\n<\/figure>\n","protected":false},"excerpt":{"rendered":"<p>Auf unserem Hof in Langeln, einem Ortsteil von Wietzen, betreiben wir seit mehreren Generationen Landwirtschaft. Wir halten Sauen und Mastschweine. Ackerbau betreiben wir in einer Maschinengemeinschaft. Au\u00dferdem sind wir an der Biogasanlage Holte beteiligt. Zwei feste Mitarbeiter und weitere unverzichtbare Helfer sorgen daf\u00fcr, dass auf unserem Familienbetrieb alles rund l\u00e4uft. Wir leben hier mit drei &hellip; <a href=\"https:\/\/hofsieling.de\/?page_id=21\" class=\"more-link\"><span class=\"screen-reader-text\">Unser Hof<\/span> weiterlesen <span class=\"meta-nav\">&rarr;<\/span><\/a><\/p>\n","protected":false},"author":1,"featured_media":0,"parent":0,"menu_order":0,"comment_status":"closed","ping_status":"closed","template":"","meta":{"footnotes":""},"class_list":["post-21","page","type-page","status-publish","hentry"],"_links":{"self":[{"href":"https:\/\/hofsieling.de\/index.php?rest_route=\/wp\/v2\/pages\/21","targetHints":{"allow":["GET"]}}],"collection":[{"href":"https:\/\/hofsieling.de\/index.php?rest_route=\/wp\/v2\/pages"}],"about":[{"href":"https:\/\/hofsieling.de\/index.php?rest_route=\/wp\/v2\/types\/page"}],"author":[{"embeddable":true,"href":"https:\/\/hofsieling.de\/index.php?rest_route=\/wp\/v2\/users\/1"}],"replies":[{"embeddable":true,"href":"https:\/\/hofsieling.de\/index.php?rest_route=%2Fwp%2Fv2%2Fcomments&post=21"}],"version-history":[{"count":5,"href":"https:\/\/hofsieling.de\/index.php?rest_route=\/wp\/v2\/pages\/21\/revisions"}],"predecessor-version":[{"id":129,"href":"https:\/\/hofsieling.de\/index.php?rest_route=\/wp\/v2\/pages\/21\/revisions\/129"}],"wp:attachment":[{"href":"https:\/\/hofsieling.de\/index.php?rest_route=%2Fwp%2Fv2%2Fmedia&parent=21"}],"curies":[{"name":"wp","href":"https:\/\/api.w.org\/{rel}","templated":true}]}}